at are the prime factors of 1675363?
19, 88177
What are the prime factors of 5610060?
2, 3, 5, 3463
What are the prime factors of 1761134?
2, 647, 1361
List the prime factors of 851804.
2, 61, 3491
What are the prime factors of 309400?
2, 5, 7, 13, 17
List the prime factors of 15148877.
331, 45767
List the prime factors of 313638.
2, 3, 13, 4021
List the prime factors of 745203.
3, 248401
List the prime factors of 8794360.
2, 5, 43, 5113
What are the prime factors of 18492684?
2, 3, 7, 220151
What are the prime factors of 362640?
2, 3, 5, 1511
List the prime factors of 2952676.
2, 19, 38851
What are the prime factors of 501872?
2, 7, 4481
List the prime factors of 492012.
2, 3, 79, 173
List the prime factors of 2204590.
2, 5, 449, 491
List the prime factors of 1573849.
211, 7459
List the prime factors of 1169294.
2, 7, 17
List the prime factors of 13680351.
3, 71, 79, 271
What are the prime factors of 7910925?
3, 5, 11, 43, 223
What are the prime factors of 326361?
3, 7, 15541
What are the prime factors of 4506247?
4506247
List the prime factors of 1525145.
5, 305029
What are the prime factors of 220804?
2, 55201
List the prime factors of 1405485.
3, 5, 29, 359
What are the prime factors of 1021541?
1021541
What are the prime factors of 272175?
3, 5, 19, 191
What are the prime factors of 30492383?
157, 359, 541
What are the prime factors of 1711459?
1711459
What are the prime factors of 16529444?
2, 4132361
List the prime factors of 4965265.
5, 993053
List the prime factors of 469935.
3, 5, 59
What are the prime factors of 583523?
583523
List the prime factors of 388245.
3, 5, 11, 13, 181
List the prime factors of 3940628.
2, 461, 2137
List the prime factors of 118215.
3, 5, 37, 71
What are the prime factors of 258730?
2, 5, 25873
List the prime factors of 51168.
2, 3, 13, 41
List the prime factors of 790637.
790637
What are the prime factors of 30738?
2, 3, 47, 109
List the prime factors of 4052447.
7, 191, 433
What are the prime factors of 6885355?
5, 1377071
List the prime factors of 11237770.
2, 5, 1123777
List the prime factors of 2320112.
2, 145007
List the prime factors of 647399.
647399
What are the prime factors of 1410333?
3, 317, 1483
List the prime factors of 837358.
2, 613, 683
List the prime factors of 229848.
2, 3, 61, 157
What are the prime factors of 238385?
5, 7, 139
List the prime factors of 14469840.
2, 3, 5, 7, 11, 29
List the prime factors of 20254470.
2, 3, 5, 29, 31, 751
List the prime factors of 1053426.
2, 3, 11, 1451
What are the prime factors of 19718590?
2, 5, 23, 85733
List the prime factors of 1405881.
3, 31, 5039
What are the prime factors of 75882?
2, 3, 12647
List the prime factors of 1010668.
2, 252667
What are the prime factors of 1798999?
1798999
List the prime factors of 543690.
2, 3, 5, 7, 863
What are the prime factors of 241248?
2, 3, 7, 359
What are the prime factors of 383336?
2, 47917
List the prime factors of 2730846.
2, 3, 17, 41, 653
List the prime factors of 11014045.
5, 7, 17, 107, 173
List the prime factors of 23802076.
2, 83, 71693
List the prime factors of 9676743.
3, 31, 67, 1553
List the prime factors of 284164.
2, 19, 3739
What are the prime factors of 71474?
2, 13, 2749
What are the prime factors of 22758?
2, 3, 3793
What are the prime factors of 226582?
2, 193, 587
What are the prime factors of 445600?
2, 5, 557
What are the prime factors of 27865631?
5167, 5393
List the prime factors of 1904229.
3, 23509
What are the prime factors of 1285085?
5, 257017
What are the prime factors of 4777417?
19, 251443
What are the prime factors of 84831?
3, 28277
List the prime factors of 353307.
3, 29, 31, 131
List the prime factors of 21248080.
2, 5, 7, 19, 1997
List the prime factors of 2837234.
2, 23, 37, 1667
What are the prime factors of 1790651?
1790651
What are the prime factors of 75261?
3, 25087
What are the prime factors of 6424943?
7, 917849
List the prime factors of 36283260.
2, 3, 5, 13, 181, 257
What are the prime factors of 532654?
2, 229, 1163
What are the prime factors of 402649?
13, 47, 659
List the prime factors of 22259646.
2, 3, 29, 42643
List the prime factors of 3831845.
5, 766369
What are the prime factors of 8191?
8191
What are the prime factors of 6747231?
3, 829, 2713
List the prime factors of 215226.
2, 3, 11, 1087
List the prime factors of 650070.
2, 3, 5, 31, 233
What are the prime factors of 980977?
53, 83, 223
List the prime factors of 734309.
29, 25321
What are the prime factors of 734027?
7, 19, 5519
List the prime factors of 367976.
2, 7, 6571
What are the prime factors of 3846954?
2, 3, 73, 8783
What are the prime factors of 198657?
3, 22073
What are the prime factors of 4937941?
4937941
List the prime factors of 5255556.
2, 3, 191, 2293
List the prime factors of 3171983.
47, 67489
What are the prime factors of 1193021?
1193021
What are the prime factors of 10441421?
29, 360049
What are the prime factors of 1664971?
7, 11, 3089
What are the prime factors of 205395?
3, 5, 13693
What are the prime factors of 458815?
5, 7, 13109
What are the prime factors of 56800?
2, 5, 71
What are the prime factors of 6804817?
1597, 4261
List the prime factors of 7035104.
2, 219847
List the prime factors of 963830.
2, 5, 7, 281
What are the prime factors of 1303504?
2, 257, 317
List the prime factors of 876028.
2, 389, 563
What are the prime factors of 644017?
11, 127, 461
What are the prime factors of 298229?
61, 4889
List the prime factors of 1352677.
127, 10651
What are the prime factors of 529279?
29, 18251
List the prime factors of 775873.
7, 271, 409
What are the prime factors of 191326?
2, 271, 353
What are the prime factors of 1076065?
5, 19, 47, 241
List the prime factors of 17269689.
3, 19, 302977
List the prime factors of 16307.
23, 709
List the prime factors of 1029164.
2, 457, 563
What are the prime factors of 485336?
2, 19, 31, 103
List the prime factors of 16902994.
2, 197, 42901
What are the prime factors of 2471572?
2, 269, 2297
What are the prime factors of 24564463?
7, 11, 263, 1213
List the prime factors of 923547.
3, 211, 1459
List the prime factors of 385579.
385579
List the prime factors of 243261.
3, 151, 179
List the prime factors of 4587244.
2, 41, 83, 337
What are the prime factors of 1888023?
3, 629341
What are the prime factors of 2843361?
3, 97, 3257
What are the prime factors of 32299?
32299
What are the prime factors of 1986028?
2, 11, 45137
List the prime factors of 2435692.
2, 7, 17, 43
List the prime factors of 221190.
2, 3, 5, 73, 101
List the prime factors of 4897671.
3, 1632557
What are the prime factors of 6746551?
7, 963793
List the prime factors of 105999.
3, 89, 397
List the prime factors of 1134888.
2, 3, 47287
List the prime factors of 869882.
2, 13, 33457
List the prime factors of 2727447.
3, 43, 21143
List the prime factors of 78592.
2, 307
List the prime factors of 772306.
2, 386153
What are the prime factors of 2613394?
2, 7, 186671
List the prime factors of 543395.
5, 191, 569
List the prime factors of 3353160.
2, 3, 5, 27943
List the prime factors of 317162.
2, 158581
What are the prime factors of 13573748?
2, 3393437
List the prime factors of 229751.
229751
What are the prime factors of 360520?
2, 5, 9013
List the prime factors of 10575162.
2, 3, 13, 43, 1051
List the prime factors of 22557145.
5, 13, 347033
What are the prime factors of 1711869?
3, 401, 1423
List the prime factors of 40984.
2, 47, 109
What are the prime factors of 444130?
2, 5, 23, 1931
What are the prime factors of 496466?
2, 37, 6709
List the prime factors of 7300021.
17, 429413
List the prime factors of 119977.
11, 13, 839
List the prime factors of 3644476.
2, 11, 113, 733
List the prime factors of 288160.
2, 5, 1801
List the prime factors of 4072219.
23, 101, 1753
What are the prime factors of 20040324?
2, 3, 113, 14779
List the prime factors of 508038.
2, 3, 84673
List the prime factors of 2287264.
2, 7, 10211
What are the prime factors of 1966123?
1966123
List the prime factors of 13034836.
2, 19, 23, 7457
List the prime factors of 1011814.
2, 505907
What are the prime factors of 205361?
13, 15797
What are the prime factors of 56365?
5, 11273
List the prime factors of 193692.
2, 3, 16141
What are the prime factors of 11038391?
7, 13, 101, 1201
List the pri